t(g) = -g**3 + 6*g**2 + 9*g - 7. Let h(z) = -7*z - 42. Let s be h(-7). What is t(s)?
7
Suppose -c - 2*a + 7*a + 15 = 0, -c - 3*a = 9. Let s(n) = c*n**3 - 2*n**3 - 5*n**2 - n**3 - 1 + 4*n**3. Determine s(5).
-1
Let x be 2/12 - (-3303)/(-54). Let n = -34 - x. Suppose -2*b + 2 = -4*w + 4, -5*b - n = w. Let r(j) = -2*j**2 - 2*j - 1. Give r(w).
-5
Let a(y) = 8*y**2 - y. Let f be a(-1). Suppose 9*w = 12*w - f. Let q(r) = -4*r. What is q(w)?
-12
Let r(i) = -i**2 - i - 5. Let k(t) = -t. Let m(d) = -2*k(d) - r(d). Determine m(-4).
9
Let p(o) be the second derivative of o**6/180 - o**5/40 + 4*o**3/3 + 15*o. Let z(n) be the second derivative of p(n). Determine z(2).
2
Let f(u) = u**2 + 4*u + 1. Suppose -113*r + 68 = -130*r. Calculate f(r).
1
Let a = 55 + -54. Suppose -a + 8 = -7*d. Let j(b) = -4*b + 1. Determine j(d).
5
Let w(k) be the second derivative of 0 + 7/6*k**3 + 22*k + 0*k**2. Determine w(-1).
-7
Let t(l) be the first derivative of -l**4/2 - l**3 + l**2/2 + 4*l - 143. Determine t(-2).
6
Let j(c) be the third derivative of -c**5/60 + c**4/2 + 13*c**3/6 + 13*c**2. Let q be j(13). Let o(a) = q + 0 - 2 + 4 - a. Calculate o(-7).
9
Let r(l) = -418 - 2*l + 6*l + 430 + l. Determine r(-6).
-18
Suppose 4*f + 10 = 4*t - 2, 0 = 4*t + 16. Let h(k) = -6*k**2 + 39 - k**3 - 74 + 37 + 5*k. Give h(f).
16
Let u(f) be the first derivative of f**5/120 + f**4/12 - 2*f**3/3 - 13. Let h(o) be the third derivative of u(o). Calculate h(-2).
0
Let r(p) = p**2 + 1. Let x be ((-4)/8)/((-1)/30). Let a be (-129)/15 + 9/x. Let m = a + 6. Give r(m).
5
Let t(b) = -b - 1. Let u(n) = -3*n - 2. Let s(m) = -6*t(m) + 3*u(m). What is s(-2)?
6
Let k(s) = s + 11. Let x(z) = -2*z + 11. Let h = 8 + 1. Let o be x(h). Calculate k(o).
4
Let c(v) = 2*v**2 - 4*v + 3. Suppose -116 = 16*y - 45*y. Calculate c(y).
19
Let x(t) be the first derivative of t**4/4 - 8*t**3/3 - 11*t**2/2 + 7*t - 56. Give x(9).
-11
Suppose 4*w - 9*w - 1435 = 0. Let a = -290 - w. Let h(g) = -3*g + 4*g - g**3 - 2*g**2 + 0*g**2 + 4. Give h(a).
10
Let u(x) be the first derivative of -x**3/3 - 5*x**2 + 19*x - 867. Give u(-12).
-5
Let p(u) = u**3 + 6*u**2 - 4*u + 2. Let l be (-4 - -3)/1 - (5 - 1). Let r(a) = -2*a**3 - 13*a**2 + 7*a - 4. Let j(q) = l*p(q) - 3*r(q). What is j(-9)?
11
Suppose 3*l - 4*q = 8, -5 + 3 = -2*q. Let r be ((-10)/3)/(l/54). Let n be (1/3)/(5/r). Let d(o) = -o**3 - 2*o**2 + 3*o - 1. Calculate d(n).
-1
Let r(n) = 4*n - 4. Let o = 436 - 440. What is r(o)?
-20
Let m = 53 + -55. Let w(y) = -2*y - 4. What is w(m)?
0
Let j(a) = -a**2 - 4*a + 7. Let s = 3 + -8. Let g be j(s). Let w(k) = 4 + 0 + g*k - k**3 - 5*k**2 - 9*k + 4*k. Give w(-4).
0
Let s(n) be the first derivative of n**3/3 - 3*n**2 + 7*n + 52. Give s(6).
7
Let q = -7 - -3. Let m(v) = 14*v**2 - 2*v - 3. Let c(r) = 9*r**2 - 3*r - 3. Let z(n) = 3*c(n) - 2*m(n). Give z(q).
1
Let d(k) = k. Let v(s) = 4*s - 7. Let i(b) = 5*d(b) - v(b). Let j be -30*(2 + (-24)/10). Let n = -19 + j. Determine i(n).
0
Let w(f) = 5*f + 135 + 159 - 293. Let t be 2/((-1)/(-1) + 1). Determine w(t).
6
Let y(j) = 0*j - 2*j + 1 - j**2 + 2*j**2 + j**3 - 6*j**3. Give y(1).
-5
Let s = 782 + -788. Let y(n) = -n**3 - 5*n**2 + 6*n. Give y(s).
0
Let s(v) = -7 - 2*v + 0*v + 4*v. Let g(p) = -p**3 - 4*p**2 + p + 8. Let h be g(-4). Suppose -d = -5*x - 20, 13 = -2*d + h*d - x. What is s(d)?
3
Let p(i) = -i**2 + 5*i + 3. Let o be ((-3)/4)/(2/(-16)). Calculate p(o).
-3
Let t = -18 - -12. Let s(g) be the third derivative of 1/60*g**5 - 7/6*g**3 - 5*g**2 + 0 + 0*g + 5/24*g**4. Calculate s(t).
-1
Let h(a) = 21*a**2 + 9 - 12*a**2 - 8*a**2 + 9*a. Give h(-8).
1
Let w(t) = -2*t**3 + 10*t**2 - 10*t - 17. Let o(n) = -5*n**3 + 30*n**2 - 30*n - 50. Let g(f) = 3*o(f) - 8*w(f). What is g(-11)?
-25
Let i(q) = -1 + 198*q - 385*q + 164*q. What is i(2)?
-47
Suppose 0 = -5*j - 5*l + 30, 4*j - 3*l - 59 = -0*j. Let d = j - 9. Suppose -5*m + d = -3*m. Let k(a) = -13*a**3 + 1. Determine k(m).
-12
Suppose -m = -0*m + 4. Let u(c) be the first derivative of 3 + 1/3*c**3 + c + 3*c**2. Determine u(m).
-7
Let d(p) = -p**3 - 4 + 3 - 18*p - 5 + 17*p. Suppose 0 = 2*u - 3*u + 9. Suppose -4*o - 8*i - 15 = -3*i, -5*o = -3*i - u. Give d(o).
-6
Suppose 0 = -r - 0*r. Let u be -5 - -3 - (-2 + r). Let q be (-1 - u)*(3 - 2). Let k(y) = 12*y. Give k(q).
-12
Suppose -w = w. Suppose w = -3*p + 6*p. Let z(g) = -1 - 5*g**2 + 3*g**2 - 11*g**2 + 2*g + p*g. Calculate z(1).
-12
Let q(l) = -8*l + 1. Let f(v) = -7*v + 1. Let c(i) = 5*f(i) - 4*q(i). Let r(w) = -4*w + 12. Let z be r(-9). Let u = -47 + z. Give c(u).
-2
Let a(m) = m**2 - 2*m - 2. Let t = -1518 + 1520. Give a(t).
-2
Let m(l) = l**2 - 6*l - 2. Let d(w) be the second derivative of -w**3/3 + 15*w**2/2 + 11*w. Let t be d(6). Determine m(t).
-11
Suppose 5*t + 5 = 5*p, -39*p = -37*p + 2*t - 10. Let i(r) = r**3 - r**2 - 3*r + 2. Determine i(p).
11
Let h be 1/(-2) + 495/(-66). Let a(r) = -3*r + 8. Give a(h).
32
Let g(u) = 5*u**3 + 9*u**2 - 3*u - 7. Let q(s) = -11*s**3 - 19*s**2 + 5*s + 14. Let h(k) = 9*g(k) + 4*q(k). Suppose -29 = 4*z - 5. What is h(z)?
-1
Let y(r) = -4 + 3 + 3*r + r + 3. Let k be (4/6)/((-4)/(-30)). Let a(l) = 7*l + 3. Let g(t) = k*y(t) - 3*a(t). Give g(-5).
6
Suppose 3*g + 3 = 4*g. Suppose t = -m + 3*t + 25, g*t - 29 = -2*m. Let s = 14 - m. Let l(a) = a**2 + 5*a + 1. Calculate l(s).
1
Suppose 3*p - 36 = -3*c, -5*c + 50 = 5*p - 2*c. Let q(r) = r**3 - 12*r**2 + 6*r + 9. Let l(o) = -o**2. Let k(f) = -4*l(f) + q(f). Determine k(p).
2
Suppose 0 = 3*l + 2*x + 21, 7 = -l - 0*l + 5*x. Let s(y) be the third derivative of -y**5/60 - y**4/3 - 3*y**3/2 + y**2. Give s(l).
-2
Let g(l) be the first derivative of l**3/3 - 7*l**2/2 - 14*l + 502. Determine g(6).
-20
Let i(k) be the second derivative of -k**4/12 - k**3/6 - 8*k. Let l(v) = 3*v**2 - 5*v - 9. Let b(u) = -4*i(u) - l(u). Suppose 3*j = -10 - 11. Determine b(j).
-5
Let l(f) be the third derivative of -f**5/60 + f**4/4 + 2*f**3/3 - 13*f**2. Let z(r) be the first derivative of l(r). Calculate z(4).
-2
Let q = 49 + -62. Let k = q - -18. Let y(x) = 7 + 2 - x**3 - x + 5*x**2 - 3. What is y(k)?
1
Let d(u) be the first derivative of -u**5/120 - 5*u**4/24 - 10*u**3/3 - 8. Let k(x) be the third derivative of d(x). Calculate k(-5).
0
Let m(c) be the second derivative of 3/5*c**5 + 0*c**4 - 5*c - 1/3*c**3 + 0 - 1/2*c**2. Give m(-1).
-11
Let s(h) = -2*h**2 + 5*h + 3. Let g(p) = -2*p**2 - 10*p - 4. Let n be g(-5). Let a(d) = -2*d**2 + 4*d + 2. Let b(r) = n*a(r) + 3*s(r). Calculate b(-2).
11
Suppose 0 = 3*d + 5*d - 16. Suppose -3*v = -k - 11, d*k - 10 = 4*k. Let r(t) = 3 + t - 3*t + 2*t**2 - 3*t**2 + 2*t**v. Calculate r(2).
3
Let p(n) be the first derivative of n**4/4 + 8*n**3/3 + 5*n**2/2 - 4*n - 814. Determine p(-6).
38
Let b(w) = -10*w**2 + 15*w - 5. Let t(y) = 8*y**2 - 16*y + 5. Let v(a) = 5*b(a) + 6*t(a). Let q be v(-11). Let d(s) = -s**3 - 5*s**2 + 6*s + 3. What is d(q)?
3
Let b(v) = -v**3 + v**2 + v - 12. Suppose 0 = j - 7 + 1. Let p = 11 - j. Suppose -2*s = 3*h, 5*h + 3*s = p*s. Calculate b(h).
-12
Let o(g) = 5 - 1 - g**2 - 7 + 11 + 11 - 8*g. Determine o(-9).
10
Let y(k) = -3*k + 31. Suppose 145 - 75 = 5*p. What is y(p)?
-11
Let a(s) = 4 + s + 2*s + s**2 - 2*s**2. Let o(z) = z**2 - 7*z - 93. Let d be o(-7). Determine a(d).
-6
Let x(p) = 4*p**3 + p**3 - 2*p**3 + p**2 - 4*p**3. Suppose -13 + 3 = -5*s. Suppose 0 = s*k + 1 + 1. What is x(k)?
2
Let c(u) = u**2 - 2*u**2 - 207 - 208 + 418 + 5*u - u. Determine c(-2).
-9
Let p(j) = -j**2 + 13*j - 12. Let k be p(9). Let o = k + -33. Let n(r) = r**2 + 9*r + 3. Let h be n(o). Let l(i) = -i**2 + 4. What is l(h)?
-5
Let p(z) = -5*z**3 + z**2 - 1. Let k = 169 - 170. Determine p(k).
5
Let z be (0 - 0)*(21/(-7))/(-3). Let a(u) = u**3 - u + 19. Calculate a(z).
19
Let s(r) = -5*r**2 - 4*r + 15. Let d(x) = 4*x**2 + 3*x - 14. Let f(q) = -4*d(q) - 3*s(q). Let v be f(-4). Let j(n) = n - 2. Calculate j(v).
-7
Let n(x) = -4*x + 4. Let v(l) = l. Let h(f) = -f + 3. Let r(c) = -h(c) + 3*v(c). Let o(q) = 3*n(q) + 2*r(q). Calculate o(4).
-10
Let o(g) = -g**3 - 5*g**2 - 5*g + 7. Let q be o(-4). Let u(v) = 2*v - 22. What is u(q)?
0
Let y(a) be the first derivative of -2*a**3/3 + 3*a**2 - 5*a - 189. What is y(5)?
-25
Let i(y) = -3*y**3 - y**2 + 2*y - 2. Suppose -2*q + 4 = 2. What is i(q)?
-4
Let y(a) be the first deriv